{"id":137,"date":"2022-04-04T11:05:03","date_gmt":"2022-04-04T11:05:03","guid":{"rendered":"https:\/\/www.zoobizar.de\/?page_id=137"},"modified":"2022-04-04T20:24:48","modified_gmt":"2022-04-04T20:24:48","slug":"was-ist-das-denn","status":"publish","type":"page","link":"https:\/\/www.zoobizar.de\/?page_id=137","title":{"rendered":""},"content":{"rendered":"\t\t<div data-elementor-type=\"wp-page\" data-elementor-id=\"137\" class=\"elementor elementor-137\">\n\t\t\t\t\t\t<section class=\"elementor-section elementor-top-section elementor-element elementor-element-2add612 elementor-section-boxed elementor-section-height-default elementor-section-height-default\" data-id=\"2add612\" data-element_type=\"section\">\n\t\t\t\t\t\t<div class=\"elementor-container elementor-column-gap-default\">\n\t\t\t\t\t<div class=\"elementor-column elementor-col-66 elementor-top-column elementor-element elementor-element-6117aec\" data-id=\"6117aec\" data-element_type=\"column\">\n\t\t\t<div class=\"elementor-widget-wrap elementor-element-populated\">\n\t\t\t\t\t\t<div class=\"elementor-element elementor-element-64946f9 elementor-widget elementor-widget-image\" data-id=\"64946f9\" data-element_type=\"widget\" data-widget_type=\"image.default\">\n\t\t\t\t<div class=\"elementor-widget-container\">\n\t\t\t<style>\/*! elementor - v3.20.0 - 13-03-2024 *\/\n.elementor-widget-image{text-align:center}.elementor-widget-image a{display:inline-block}.elementor-widget-image a img[src$=\".svg\"]{width:48px}.elementor-widget-image img{vertical-align:middle;display:inline-block}<\/style>\t\t\t\t\t\t\t\t\t\t<img fetchpriority=\"high\" decoding=\"async\" width=\"683\" height=\"1024\" src=\"https:\/\/www.zoobizar.de\/wp-content\/uploads\/2022\/04\/Samen-eten-perfect-1-683x1024-1.jpg\" class=\"attachment-large size-large wp-image-130\" alt=\"\" srcset=\"https:\/\/www.zoobizar.de\/wp-content\/uploads\/2022\/04\/Samen-eten-perfect-1-683x1024-1.jpg 683w, https:\/\/www.zoobizar.de\/wp-content\/uploads\/2022\/04\/Samen-eten-perfect-1-683x1024-1-200x300.jpg 200w\" sizes=\"(max-width: 683px) 100vw, 683px\" \/>\t\t\t\t\t\t\t\t\t\t\t\t\t<\/div>\n\t\t\t\t<\/div>\n\t\t\t\t\t<\/div>\n\t\t<\/div>\n\t\t\t\t<div class=\"elementor-column elementor-col-33 elementor-top-column elementor-element elementor-element-e7b8c75\" data-id=\"e7b8c75\" data-element_type=\"column\">\n\t\t\t<div class=\"elementor-widget-wrap elementor-element-populated\">\n\t\t\t\t\t\t<div class=\"elementor-element elementor-element-888bc55 elementor-widget elementor-widget-text-editor\" data-id=\"888bc55\" data-element_type=\"widget\" data-widget_type=\"text-editor.default\">\n\t\t\t\t<div class=\"elementor-widget-container\">\n\t\t\t<style>\/*! elementor - v3.20.0 - 13-03-2024 *\/\n.elementor-widget-text-editor.elementor-drop-cap-view-stacked .elementor-drop-cap{background-color:#69727d;color:#fff}.elementor-widget-text-editor.elementor-drop-cap-view-framed .elementor-drop-cap{color:#69727d;border:3px solid;background-color:transparent}.elementor-widget-text-editor:not(.elementor-drop-cap-view-default) .elementor-drop-cap{margin-top:8px}.elementor-widget-text-editor:not(.elementor-drop-cap-view-default) .elementor-drop-cap-letter{width:1em;height:1em}.elementor-widget-text-editor .elementor-drop-cap{float:left;text-align:center;line-height:1;font-size:50px}.elementor-widget-text-editor .elementor-drop-cap-letter{display:inline-block}<\/style>\t\t\t\t<p>Zoo Bizar ist ein Mini-Zoo, der in einem\u00a0 alten s\u00e4chsischen Bauernhofs im Museumsdorf Orvelte kreativ eingerichtet wurde. Es ist der kleinste Zoo in den Niederlanden und vielleicht sogar in Europa! Verschiedene kleine (exotische) Tierarten k\u00f6nnen auf originelle Weise bestaunt werden.<\/p><p>Durch die kleine Bauform ist es immer m\u00f6glich, den dort lebenden Tieren von Angesicht zu Angesicht zu begegnen. Viele Tiere sind in Freigehegen untergebracht. Es ist immer jemand dabei, der viel \u00fcber die besonderen Tiere und ihre skurrilen Lebensgewohnheiten erz\u00e4hlen und demonstrieren kann.<\/p>\t\t\t\t\t\t<\/div>\n\t\t\t\t<\/div>\n\t\t\t\t<div class=\"elementor-element elementor-element-cac72d1 elementor-widget elementor-widget-heading\" data-id=\"cac72d1\" data-element_type=\"widget\" data-widget_type=\"heading.default\">\n\t\t\t\t<div class=\"elementor-widget-container\">\n\t\t\t<style>\/*! elementor - v3.20.0 - 13-03-2024 *\/\n.elementor-heading-title{padding:0;margin:0;line-height:1}.elementor-widget-heading .elementor-heading-title[class*=elementor-size-]>a{color:inherit;font-size:inherit;line-height:inherit}.elementor-widget-heading .elementor-heading-title.elementor-size-small{font-size:15px}.elementor-widget-heading .elementor-heading-title.elementor-size-medium{font-size:19px}.elementor-widget-heading .elementor-heading-title.elementor-size-large{font-size:29px}.elementor-widget-heading .elementor-heading-title.elementor-size-xl{font-size:39px}.elementor-widget-heading .elementor-heading-title.elementor-size-xxl{font-size:59px}<\/style><h5 class=\"elementor-heading-title elementor-size-default\">VORSTELLUNG DER SINNE - PR\u00c4SENTATION<\/h5>\t\t<\/div>\n\t\t\t\t<\/div>\n\t\t\t\t<div class=\"elementor-element elementor-element-b919dbd elementor-widget elementor-widget-text-editor\" data-id=\"b919dbd\" data-element_type=\"widget\" data-widget_type=\"text-editor.default\">\n\t\t\t\t<div class=\"elementor-widget-container\">\n\t\t\t\t\t\t\t<p>Wei\u00dft du, was ein Stinktier tut, wenn es bedroht wird? Kann eine Vogelspinne Sie h\u00f6ren? Bei der Vorstellung der Sinne lernen Sie einige unserer Tiere hautnah kennen. Wir erz\u00e4hlen von ihrem Lebensstil und skurrilen Eigenschaften, die damit einhergehen. Wollten Sie schon immer wissen, wie sich eine Schlange anf\u00fchlt oder wie hart der Panzer eines G\u00fcrteltiers ist? In der Vorstellung der Sinne erz\u00e4hlen wir Ihnen davon und Sie k\u00f6nnen es auch f\u00fchlend erfahren. Zu unterschiedlichen Zeiten erz\u00e4hlen wir von einigen unserer Tiere, diese Zeiten fallen in ein Zeitfenster.<\/p>\t\t\t\t\t\t<\/div>\n\t\t\t\t<\/div>\n\t\t\t\t\t<\/div>\n\t\t<\/div>\n\t\t\t\t\t<\/div>\n\t\t<\/section>\n\t\t\t\t<\/div>\n\t\t","protected":false},"excerpt":{"rendered":"<p>Zoo Bizar ist ein Mini-Zoo, der in einem\u00a0 alten s\u00e4chsischen Bauernhofs im Museumsdorf Orvelte kreativ eingerichtet wurde. Es ist der kleinste Zoo in den Niederlanden und vielleicht sogar in Europa! Verschiedene kleine (exotische) Tierarten k\u00f6nnen auf originelle Weise bestaunt werden. Durch die kleine Bauform ist es immer m\u00f6glich, den dort lebenden Tieren von Angesicht zu [&hellip;]<\/p>\n","protected":false},"author":3005,"featured_media":0,"parent":0,"menu_order":0,"comment_status":"closed","ping_status":"closed","template":"","meta":{"footnotes":""},"class_list":["post-137","page","type-page","status-publish","hentry"],"_links":{"self":[{"href":"https:\/\/www.zoobizar.de\/index.php?rest_route=\/wp\/v2\/pages\/137","targetHints":{"allow":["GET"]}}],"collection":[{"href":"https:\/\/www.zoobizar.de\/index.php?rest_route=\/wp\/v2\/pages"}],"about":[{"href":"https:\/\/www.zoobizar.de\/index.php?rest_route=\/wp\/v2\/types\/page"}],"author":[{"embeddable":true,"href":"https:\/\/www.zoobizar.de\/index.php?rest_route=\/wp\/v2\/users\/3005"}],"replies":[{"embeddable":true,"href":"https:\/\/www.zoobizar.de\/index.php?rest_route=%2Fwp%2Fv2%2Fcomments&post=137"}],"version-history":[{"count":26,"href":"https:\/\/www.zoobizar.de\/index.php?rest_route=\/wp\/v2\/pages\/137\/revisions"}],"predecessor-version":[{"id":259,"href":"https:\/\/www.zoobizar.de\/index.php?rest_route=\/wp\/v2\/pages\/137\/revisions\/259"}],"wp:attachment":[{"href":"https:\/\/www.zoobizar.de\/index.php?rest_route=%2Fwp%2Fv2%2Fmedia&parent=137"}],"curies":[{"name":"wp","href":"https:\/\/api.w.org\/{rel}","templated":true}]}}